omposite number?
True
Is 25102763 a prime number?
False
Is 6319543 composite?
True
Is 5470717 composite?
True
Is 24606649 composite?
True
Is 227501387 composite?
True
Is 14627729 a prime number?
False
Is 456091 a composite number?
False
Is 483433 a composite number?
False
Is 478409 a prime number?
False
Is 2030713 composite?
True
Is 6188641 a prime number?
True
Is 27594701 a composite number?
True
Is 40295098 a prime number?
False
Is 126217867 a composite number?
False
Is 34114069 a composite number?
True
Is 5403761 a composite number?
True
Is 4964483 prime?
True
Is 11377391 prime?
False
Is 172240657 a composite number?
True
Is 22414229 a prime number?
True
Is 26335013 composite?
False
Is 37629509 a composite number?
True
Is 606821 composite?
True
Is 8978969 a composite number?
False
Is 9242391 prime?
False
Is 2069741 a composite number?
True
Is 2232077 composite?
True
Is 8144471 composite?
True
Is 32699543 composite?
False
Is 1333879606 a prime number?
False
Is 3718457 a prime number?
True
Is 4499159 prime?
False
Is 1163659 composite?
True
Is 67273721 a prime number?
True
Is 83490971 a prime number?
False
Is 169817477 composite?
False
Is 25169771 a composite number?
True
Is 25967798 a prime number?
False
Is 9422953 composite?
True
Is 8883859 composite?
True
Is 436465 a prime number?
False
Is 381688257 prime?
False
Is 61030507 a prime number?
False
Is 43941113 a prime number?
False
Is 53382922 a prime number?
False
Is 10895411 a composite number?
True
Is 1501303 a prime number?
True
Is 42941381 a composite number?
True
Is 320687443 a composite number?
True
Is 5544031 composite?
False
Is 55927117 prime?
False
Is 1259737 a composite number?
False
Is 427107887 a prime number?
True
Is 1930118 a prime number?
False
Is 832451 prime?
True
Is 5798699 prime?
True
Is 2040769 prime?
True
Is 59670227 composite?
True
Is 613037 prime?
False
Is 479492131 prime?
True
Is 841844869 a composite number?
True
Is 5371391 prime?
False
Is 1745099 prime?
False
Is 10358297 a composite number?
True
Is 42744791 a composite number?
True
Is 1254783181 prime?
True
Is 2332415 composite?
True
Is 187422883 prime?
False
Is 12800849 prime?
True
Is 22790062 prime?
False
Is 5166737 prime?
True
Is 4150801 a composite number?
True
Is 254382479 composite?
True
Is 8896546 a prime number?
False
Is 87508747 a composite number?
True
Is 1931023 composite?
True
Is 88597757 a composite number?
False
Is 1496329 a prime number?
False
Is 307047253 a composite number?
False
Is 8633549 a prime number?
False
Is 5627834 a prime number?
False
Is 10265581 prime?
True
Is 794993 prime?
True
Is 49128839 a composite number?
False
Is 120584531 composite?
False
Is 3257833 a prime number?
False
Is 108356551 a composite number?
True
Is 8814217 a composite number?
False
Is 14655997 prime?
True
Is 118510099 composite?
True
Is 1017019723 a composite number?
False
Is 39063517 prime?
True
Is 149839609 a composite number?
True
Is 7466861 prime?
True
Is 3678211 prime?
True
Is 6656257 composite?
False
Is 406717 prime?
True
Is 22516451 composite?
False
Is 22853 composite?
False
Is 8226077 a composite number?
True
Is 6049559 composite?
True
Is 82902739 prime?
True
Is 61375773 prime?
False
Is 224981551 prime?
True
Is 230755683 a prime number?
False
Is 2988733 a composite number?
True
Is 10162253 composite?
False
Is 276804431 prime?
True
Is 10135999 prime?
True
Is 3293923 composite?
False
Is 196708969 a composite number?
True
Is 1185445 a composite number?
True
Is 46625041 a prime number?
False
Is 114985553 prime?
True
Is 583964606 a prime number?
False
Is 32722057 composite?
False
Is 106850959 prime?
True
Is 20177743 composite?
False
Is 8550719 prime?
False
Is 2055997 a composite number?
True
Is 31635503 a composite number?
True
Is 87566357 a prime number?
True
Is 6213271 composite?
True
Is 223643939 a composite number?
True
Is 1519887 composite?
True
Is 113907947 a prime number?
True
Is 283899359 a composite number?
True
Is 1286939 composite?
False
Is 675293 composite?
True
Is 102260105 composite?
True
Is 244660859 a prime number?
True
Is 83594309 a prime number?
False
Is 1194509 composite?
True
Is 35238299 a composite number?
True
Is 83376151 a composite number?
True
Is 34380979 a prime number?
False
Is 54163 composite?
False
Is 10879651 composite?
False
Is 369731 a composite number?
False
Is 28921489 composite?
False
Is 88885747 a composite number?
True
Is 53079289 composite?
False
Is 489889409 prime?
False
Is 7285127 prime?
True
Is 41250743 a composite number?
True
Is 3385987 a prime number?
False
Is 378071 a composite number?
False
Is 131327153 prime?
False
Is 3020369 a composite number?
True
Is 141991 prime?
True
Is 6325169 prime?
True
Is 65649919 a composite number?
False
Is 26658623 a prime number?
False
Is 95486141 a composite number?
True
Is 2559122 a prime number?
False
Is 17492573 a prime number?
False
Is 86964491 prime?
True
Is 3273937 prime?
True
Is 362794099 prime?
True
Is 1009684327 a prime number?
False
Is 454319 a composite number?
True
Is 595247 a composite number?
False
Is 5470567 a composite number?
False
Is 5372209 prime?
False
Is 105366371 a prime number?
False
Is 42365233 a composite number?
True
Is 14790671 composite?
True
Is 53082437 a prime number?
True
Is 20466029 a prime number?
False
Is 270902461 a composite number?
False
Is 1658257 prime?
False
Is 1512517 a prime number?
True
Is 961321 composite?
True
Is 112639531 composite?
False
Is 15378267 a composite number?
True
Is 3847042 a prime number?
False
Is 31815209 a composite number?
False
Is 203009753 a prime number?
False
Is 13929431 a composite number?
False
Is 54978851 a prime number?
False
Is 8557007 composite?
False
Is 1303261 a prime number?
True
Is 3212817 prime?
False
Is 63154577 composite?
False
Is 48325093 composite?
True
Is 72791611 a composite number?
False
Is 325691 a prime number?
True
Is 24343457 composite?
False
Is 30754299 composite?
True
Is 308673991 composite?
True
Is 96539839 prime?
False
Is 206942 a composite number?
True
Is 216719969 composite?
False
Is 5333173 a composite number?
False
Is 67033331 a composite number?
False
Is 241538993 a composite number?
False
Is 56541269 composite?
True
Is 15431837 a composite number?
False
Is 62550367 composite?
True
Is 13725389 a composite number?
True
Is 149743 composite?
True
Is 1265347 composite?
False
Is 39618115 prime?
False
Is 35149633 prime?
False
Is 11970821 composite?
False
Is 17507717 a composite number?
False
Is 46498061 prime?
True
Is 3488327 prime?
False
Is 22668749 a composite number?
True
Is 3190763 a prime number?
False
Is 23272087 a prime number?
True
Is 196716737 a prime number?
False
Is 19453901 composite?
False
Is 5213171 a prime number?
True
Is 233920717 prime?
True
Is 326692011 a prime number?
False
Is 1453597 prime?
True
Is 2611403 a prime number?
True
Is 1413827 prime?
True
Is 17153681 composite?
True
Is 103943921 a prime number?
True
Is 11218997 a composite number?
True
Is 44709113 a prime number?
True
Is 18787 composite?
False
Is 8792503 a composite number?
False
Is 21182159 composite?
False
Is 616974577 prime?
True
Is 208772183 a composite number?
True
Is 64051763 composite?
True
Is 7887227 a prime number?
False
Is 5431498 a prime number?
False
Is 75537685 prime?
False
Is 72492962 composite?
True
Is 1762829 composite?
True
Is 3729949 prime?
False
Is 568937 composite?
True
Is 11485511 prime?
True
Is 2884379 a composite number?
False
Is 937051 a composite number?
True
Is 41193497 composite?
False
Is 10446043 prime?
False
Is 1662182 a composite number?
True
Is 73911031 prime?
True
Is 20856371 composite?
False
Is 10162043 prime?
True
Is 307556641 prime?
False
Is 2634377 a composite number?
False
Is 7967503 prime?
False
Is 54861107 composite?
True
Is 79195813 a composite number?
True
Is 34725563 a prime number?
True
Is 68997619 a prime number?
True
Is 47643643 composite?
False
Is 150658421 a prime number?
True
Is 424335167 prime?
True
Is 2184869 composite?
False
Is 4492049 a prime number?
True
Is 11374327 composite?
False
Is 297129813 prime?
False
Is 246067811 a composite number?
True
Is 25093277 prime?
False
Is 1522837 composite?
False
Is 172310378 composite?
True
Is 415707881 prime?
False
Is 5192639 composite?
False
Is 2287541 prime?
False
Is 8980481 